4).
-2
Let i(p) = p**2 - 6*p + 11. Suppose 3*f + 14 = 29. Calculate i(f).
6
Let r(b) = -b**2 + 14*b - 10. Suppose 14*j - 81 - 101 = 0. Determine r(j).
3
Let m(n) be the third derivative of 1/60*n**5 + 1/3*n**3 - 7/24*n**4 + 0 + 0*n - 4*n**2. Calculate m(7).
2
Suppose -59*y = -37*y + 110. Let f(v) = 2*v + 16. What is f(y)?
6
Let s(j) = j**3 + 6*j**2 - j + 1. Let b(a) = -2*a**3 - 6*a**2 - 2. Let d(u) = -2*b(u) - 3*s(u). Determine d(6).
19
Let s(b) = 5*b + 1171*b**2 - 2346*b**2 + 8 + 1176*b**2. Let a be (-200)/(-11) + (-6)/33. Suppose 3*o = -0 - a. What is s(o)?
14
Suppose 0 = -4*d - 3*s + 78, 0 = 2*d + 3*d - 2*s - 86. Suppose d*z = 20*z - 184. Let q(x) = 92 - 2*x - z. What is q(2)?
-4
Let v(c) be the first derivative of 3*c**2/2 + 3*c - 38. Let h = 3 - 8. Let t = h - -2. Calculate v(t).
-6
Let b(h) = 9*h**3 + h**2. Let p = 218 + -219. Give b(p).
-8
Let q be 7/14 + (-10)/(-4). Let a(f) = 6*f**3 + 21*f**2 + 4*f - 27. Let u(i) = -i**3 - 4*i**2 - i + 5. Let h(z) = -2*a(z) - 11*u(z). Give h(q).
-1
Suppose -2*j - 4*w = -4*j - 14, 4*j = -4*w - 16. Let q(p) = -2*p - 9. What is q(j)?
1
Let p(h) be the second derivative of h**6/120 - h**5/15 + h**4/6 - h**3/2 - 11*h**2/2 + 4*h. Let i(d) be the first derivative of p(d). Calculate i(2).
-3
Let p be 0/(2 - (3 - -1)). Suppose p*d + 4 = 2*d. Let k(x) = 9 + 4*x - x**d - 3*x - 10. Calculate k(2).
-3
Let x(a) = -6*a + 1. Let l(z) = 2*z**3 + 12*z**2 - 2*z - 8. Let w be l(-6). What is x(w)?
-23
Let v be (-1200)/(-360)*((-18)/(-10) + 0). Let k(d) = 0*d**2 + 6 - 6*d + d**2 + 0*d. Give k(v).
6
Suppose 0 = 9*z - 74 + 20. Let h(m) = -m**3 + 6*m**2 - 2*m + 2. Calculate h(z).
-10
Let w(j) = j - 3. Let o be w(3). Let a(t) = -7*t**2 - 6*t + 1. Let l(k) = -46*k**2 + 3*k + 47*k**2 - 2*k - 1. Let s(h) = a(h) + 6*l(h). What is s(o)?
-5
Let i(c) = -2*c - 577 - c + 601 - c**2 + 0*c. Give i(-7).
-4
Let i(a) = -a - 1. Let j(n) = -2 + 6 + 0 + 2. Let l(g) = i(g) - j(g). Suppose 0 = 4*f + f. What is l(f)?
-7
Let i(a) = a**2 + 4*a - 8. Let t be i(-6). Suppose u + 5 = 3*v + 2, 6 = 2*u. Let p(y) = 7*y**3 + 3 - v*y - 6*y**3 - 7*y + 3*y - 3*y**2. Determine p(t).
-5
Let m(r) = -2*r**3 + 59*r**2 + 30*r - 1. Let u = -3106 + 3136. Determine m(u).
-1
Suppose -3*a + 6*a = 18. Suppose 0*r - 2*m = -2*r, a = -r + 3*m. Let f(d) = 11*d**3 + 2 - 3 + 6*d**r. Calculate f(-1).
-18
Suppose 2*r - 2*h = 40, -r + 0*r = 5*h - 32. Let y = r - 19. Let z(c) = -8*c + 7*c**2 + 3 + 0 - 4*c**y + 3*c**3. Give z(6).
-9
Let f(t) = t**2 - 2*t + 1. Let i = -120 - -126. Suppose 5*w - i*y = -10*y + 27, 0 = -3*w + y + 6. Calculate f(w).
4
Let l(g) = -8*g**3 - 38*g**2 + 18*g + 13. Let n(k) = -3*k**3 - 13*k**2 + 6*k + 4. Let f(d) = -4*l(d) + 11*n(d). What is f(8)?
8
Let d(c) = 3*c**2 + 3*c + 1. Let a(x) = -21*x**2 - 21*x - 9. Let p(j) = -2*a(j) - 15*d(j). Determine p(1).
-3
Let o = 135 + -131. Let w(r) = 2*r - 5. Calculate w(o).
3
Let p(t) = -3*t**2 - 2 + 4 - 4*t**3 + 5*t**3. Suppose 0 = -149*a + 143*a + 12. What is p(a)?
-2
Let h(l) = l**2 + 6*l + 4. Suppose -5*f + 39 = -16. Let u(k) = -k**2 + k + 25. Let w be u(-6). Let z = f + w. Calculate h(z).
4
Let x = -23 + 16. Let s(t) = 123*t - 10. Let c(i) = -204*i + 19. Let a(j) = -3*c(j) - 5*s(j). What is a(x)?
14
Let p(v) = v**2 - 15*v + 15. Let t(g) = g**3 + 17*g**2 - g - 3. Let x be t(-17). What is p(x)?
1
Let j(m) = -2*m**3 + 4*m**2 + 3*m - 7. Let r(n) = n**3 - 3*n**2 - 2*n + 5. Let u(o) = -3*j(o) - 4*r(o). Let k = -77 + 78. Calculate u(k).
2
Let q be (-9)/6*-8 - -4. Suppose 3*b + q - 10 = 0. Let h(l) = -5*l**2 + 1 + 3*l**2 - 3. Give h(b).
-10
Let j(n) = n**2 - 36*n + 269. Let q be j(11). Let m(p) = p**3 + 5*p**2 - 5*p + 5. Calculate m(q).
-1
Let m(t) = 3*t**2 - 5*t + 2. Let s = 10 - 12. Let l be (-10 + 11)/(s/(-18)). Let p(a) = -a**3 + 9*a**2 + a - 6. Let z be p(l). What is m(z)?
14
Let q(g) = 9*g + 38. Let f(a) = 5*a + 20. Let p(m) = -11*f(m) + 6*q(m). What is p(13)?
-5
Let h(n) = 3*n**3 - 2*n**2 - 5*n - 1. Let s(a) = 6*a**3 - 4*a**2 - 9*a - 2. Let o(u) = 5*h(u) - 3*s(u). Let y = 45 + -31. Let b = y + -15. What is o(b)?
4
Let s(t) be the second derivative of -5*t**3/3 - t**2/2 + t - 3. Give s(1).
-11
Let k(c) = c - 6. Suppose -6*v + 8 = -2*v. Suppose -v*j = -3*j + 3. Suppose f + 2*g - j = -2, 4*g = 3*f - 33. Calculate k(f).
1
Let s = -29 + 32. Let p(d) = d + 2 + d - 3*d + s*d. Determine p(2).
6
Let o(p) be the third derivative of p**4/24 - p**3 + p**2. Let n be ((0 + 1)*-2)/(2*(-1)/8). What is o(n)?
2
Let j be (-1)/3*(-28 + 25). Let h(l) = 16*l**2 + l - 1. Determine h(j).
16
Suppose r = -5*t + 19, t + 8 = 4*r - 5. Let g(u) = -u - 11. Let w be g(-14). Let h(l) = 3*l**t - l**3 - 2*l**w - 2*l**2 + l**3. Calculate h(2).
0
Let a(n) = -7*n**2 - 18*n + 3. Let p(j) = 2 - 4 + 3*j**2 - 185*j + 194*j. Let g(f) = 4*a(f) + 9*p(f). Determine g(8).
2
Let s(h) = h**3 - h**2 - h - 16. Let y = -127 + 127. Give s(y).
-16
Suppose 11 = -4*u + p, -3*u + 2*p = 1 + 6. Let f(l) = -4*l**2 - 4*l. Give f(u).
-24
Let o be 34/8 - 5 - 11/(-4). Let p(f) = 18*f**2 + 6 - 10*f**2 - 3*f**2 - f**3 + 0*f**o + 5*f. Calculate p(6).
0
Let t = 21 + -12. Let w(m) be the third derivative of m**4/8 - 5*m**3/3 + 8*m**2 - 4. What is w(t)?
17
Let l(i) = i + 6. Let k = -12 - 4. Let p be 12/k*-4 - 3. Give l(p).
6
Let i(a) be the first derivative of -1/2*a**2 + 1 + 8*a. Let d = -109 + 115. What is i(d)?
2
Let u(w) = -2*w + 5. Let g be -1*(8 + (-2)/(-1)). Let m be ((-30)/(-25))/((-4)/g). Let f be u(m). Let h(v) = -4*v**3 + v**2 + 2*v + 1. Determine h(f).
4
Suppose -107*s - 133 + 26 = 0. Let f(r) = 14*r + 5. Let j(y) = -14*y - 4. Let a(t) = 3*f(t) + 4*j(t). Give a(s).
13
Let x(f) be the second derivative of -f**5/60 + 5*f**4/24 + 4*f**3/3 + 5*f**2/2 - 2*f. Let h(r) be the first derivative of x(r). Calculate h(6).
2
Let k(o) = o**3 + 3*o**2 - 11*o - 3. Let j be k(-5). Let s(r) = -3*r - r**2 - j*r - 17*r**3 + 18*r**3 + 4*r**2. Let c = -6 + 2. What is s(c)?
4
Let q be (-23 + 24)/(3/12). Let l(w) = -w. Calculate l(q).
-4
Let p(f) = -16*f**2 + 6*f + 22*f**2 - 4 - 5*f**2. What is p(-6)?
-4
Suppose 6*u - 49 = -13. Let o(h) = h**3 - 5*h**2 - 7*h - 3. Determine o(u).
-9
Suppose 3*y - 1 = 4*y + 3*k, -k - 5 = 0. Suppose -70 = 14*u + y. Let q(z) = z**3 + 7*z**2 + 7*z + 5. What is q(u)?
-1
Let t(v) = v**2 + 12*v. Let x be t(-13). Let m = -13 + x. Suppose m = 5*r - 3 + 13. Let u(y) = -y**3 - y**2 - 3*y - 3. What is u(r)?
7
Let f(h) = 2*h + 32. Let o(j) = -3*j**2 - 19. Let x be o(0). What is f(x)?
-6
Let t(u) be the second derivative of -u**8/3360 - u**7/840 - u**6/240 - u**5/60 - 3*u**4/4 + 18*u. Let j(d) be the third derivative of t(d). Give j(-2).
8
Let l(f) = f**2 - 5*f + 12. Let z(h) = -h**2 + 5*h - 4. Let t(g) = 4*l(g) + 5*z(g). Calculate t(7).
14
Let n(g) = -6*g**2 - 2*g - 2. Let c(t) = 7*t**2 + 2*t + 2. Let f(q) = 2*c(q) + 3*n(q). Let l(r) = -13*r**2 - 7*r - 7. Let k(v) = 7*f(v) - 2*l(v). Give k(-1).
-2
Suppose -35*z + 32*z = 9. Let d(j) = -4*j - 1. Give d(z).
11
Let q(r) be the second derivative of -r**5/20 - 3*r**4/4 - r**3/6 + 9*r**2/2 + 3*r + 28. What is q(-9)?
18
Let m(p) = -3*p**3 - 18*p**2 - 9*p + 14. Let w be m(-5). Let h(k) = -k**3 - 16*k**2 + k + 7. Determine h(w).
-9
Let g(i) = -17 - 3*i + 7 + i**2 + 3*i. Let q be 0/(-4 + (-4)/(-2)). Determine g(q).
-10
Let t(y) = -y**3 + 9*y**2 - 4*y - 7. Let w(g) = -6*g**3 + 46*g**2 - 19*g - 35. Let f(n) = 11*t(n) - 2*w(n). Calculate f(-8).
-23
Let p(m) = -4*m + 12. Let b(r) = r - 3. Let j(z) = -9*b(z) - 2*p(z). Let f be j(2). Let v(t) = -1 - 4*t + 3*t + f - 6. Determine v(-3).
-3
Let w(u) be the third derivative of -u**6/120 - u**5/15 - u**4/8 - u**3/2 - 2*u**2. Let q be (1/(-3)*-9)/1. Suppose -q*z - 8 = -2. Determine w(z).
-5
Let h(y) = 1156 + y**3 + 8*y**2 - 1147 - 7*y + 0*y**3. Determine h(-9).
-9
Let v(u) be the second derivative of u**3/3 - u**2/2 + 3*u. Let s be v(-5). Let n = 11 + s. Let m(c) = c + 5. Give m(n).
5
Suppose 15 = 3*r + 2*r. Let d = 36 - 34. Let k(b) = -4*b**2 - d + 4*b**3 - 1 - r*b**3. What is k(4)?
-3
Let w(t) be the third derivative of -t**5/60 + 7*t**4/24 - 4*t**3/3 + 25*t**2. Let u = -1 + -2. Let q be 2 + -8*u/6. Determine w(q).
-2
Let o(i) = i**3 + 7*i**2 + 2*i + 4. Let g(l) = l**3 + 7*l**2 + 3*l + 3. Let d(n) = 3*g(n) - 4*o(n). Calculate d(-7).
-14
Let k(j) = j**3 + j + 4. Let q be 312/60 - 1/5. Suppose -